{"id":7418,"date":"2021-09-22T10:51:37","date_gmt":"2021-09-22T10:51:37","guid":{"rendered":"https:\/\/developer.blink-eye.com\/castelhano\/?page_id=7418"},"modified":"2021-10-11T11:24:31","modified_gmt":"2021-10-11T11:24:31","slug":"laminados-e-folheados","status":"publish","type":"page","link":"https:\/\/castelhano-ferreira.pt\/index.php\/laminados-e-folheados\/","title":{"rendered":"Laminados e Folheados"},"content":{"rendered":"\t\t<div data-elementor-type=\"wp-page\" data-elementor-id=\"7418\" class=\"elementor elementor-7418\" data-elementor-settings=\"[]\">\n\t\t\t\t\t\t<div class=\"elementor-inner\">\n\t\t\t\t\t\t\t<div class=\"elementor-section-wrap\">\n\t\t\t\t\t\t\t<section class=\"elementor-section elementor-top-section elementor-element elementor-element-533a36b elementor-section-height-min-height elementor-section-boxed elementor-section-height-default elementor-section-items-middle\" data-id=\"533a36b\" data-element_type=\"section\" data-settings=\"{&quot;background_background&quot;:&quot;classic&quot;}\">\n\t\t\t\t\t\t<div class=\"elementor-container elementor-column-gap-default\">\n\t\t\t\t\t\t\t<div class=\"elementor-row\">\n\t\t\t\t\t<div class=\"elementor-column elementor-col-100 elementor-top-column elementor-element elementor-element-17d3e4c5\" data-id=\"17d3e4c5\" data-element_type=\"column\">\n\t\t\t<div class=\"elementor-column-wrap elementor-element-populated\">\n\t\t\t\t\t\t\t<div class=\"elementor-widget-wrap\">\n\t\t\t\t\t\t<div class=\"elementor-element elementor-element-217d90fb elementor-widget elementor-widget-heading\" data-id=\"217d90fb\" data-element_type=\"widget\" data-widget_type=\"heading.default\">\n\t\t\t\t<div class=\"elementor-widget-container\">\n\t\t\t<h2 class=\"elementor-heading-title elementor-size-default\">ACABAMENTOS<\/h2>\t\t<\/div>\n\t\t\t\t<\/div>\n\t\t\t\t<div class=\"elementor-element elementor-element-37e8ee1c elementor-widget-divider--view-line elementor-widget elementor-widget-divider\" data-id=\"37e8ee1c\" data-element_type=\"widget\" data-widget_type=\"divider.default\">\n\t\t\t\t<div class=\"elementor-widget-container\">\n\t\t\t\t\t<div class=\"elementor-divider\">\n\t\t\t<span class=\"elementor-divider-separator\">\n\t\t\t\t\t\t<\/span>\n\t\t<\/div>\n\t\t\t\t<\/div>\n\t\t\t\t<\/div>\n\t\t\t\t<div class=\"elementor-element elementor-element-5b4e1ae2 elementor-widget elementor-widget-heading\" data-id=\"5b4e1ae2\" data-element_type=\"widget\" data-widget_type=\"heading.default\">\n\t\t\t\t<div class=\"elementor-widget-container\">\n\t\t\t<h2 class=\"elementor-heading-title elementor-size-default\">Folheados<\/h2>\t\t<\/div>\n\t\t\t\t<\/div>\n\t\t\t\t<div class=\"elementor-element elementor-element-31c11fba gallery-spacing-custom elementor-widget elementor-widget-image-gallery\" data-id=\"31c11fba\" data-element_type=\"widget\" data-widget_type=\"image-gallery.default\">\n\t\t\t\t<div class=\"elementor-widget-container\">\n\t\t\t\t\t<div class=\"elementor-image-gallery\">\n\t\t\t<div id='gallery-1' class='gallery galleryid-7418 gallery-columns-7 gallery-size-thumbnail'><figure class='gallery-item'>\n\t\t\t<div class='gallery-icon landscape'>\n\t\t\t\t<img width=\"150\" height=\"150\" src=\"https:\/\/castelhano-ferreira.pt\/wp-content\/uploads\/2021\/07\/faia-150x150.jpg\" class=\"attachment-thumbnail size-thumbnail\" alt=\"\" loading=\"lazy\" aria-describedby=\"gallery-1-5406\" srcset=\"https:\/\/castelhano-ferreira.pt\/wp-content\/uploads\/2021\/07\/faia-150x150.jpg 150w, https:\/\/castelhano-ferreira.pt\/wp-content\/uploads\/2021\/07\/faia-450x450.jpg 450w, https:\/\/castelhano-ferreira.pt\/wp-content\/uploads\/2021\/07\/faia-100x100.jpg 100w, https:\/\/castelhano-ferreira.pt\/wp-content\/uploads\/2021\/07\/faia-300x300.jpg 300w, https:\/\/castelhano-ferreira.pt\/wp-content\/uploads\/2021\/07\/faia.jpg 600w\" sizes=\"(max-width: 150px) 100vw, 150px\" \/>\n\t\t\t<\/div>\n\t\t\t\t<figcaption class='wp-caption-text gallery-caption' id='gallery-1-5406'>\n\t\t\t\tFaia\n\t\t\t\t<\/figcaption><\/figure><figure class='gallery-item'>\n\t\t\t<div class='gallery-icon portrait'>\n\t\t\t\t<img width=\"150\" height=\"150\" src=\"https:\/\/castelhano-ferreira.pt\/wp-content\/uploads\/2021\/07\/betula-150x150.jpg\" class=\"attachment-thumbnail size-thumbnail\" alt=\"\" loading=\"lazy\" aria-describedby=\"gallery-1-5405\" srcset=\"https:\/\/castelhano-ferreira.pt\/wp-content\/uploads\/2021\/07\/betula-150x150.jpg 150w, https:\/\/castelhano-ferreira.pt\/wp-content\/uploads\/2021\/07\/betula-450x450.jpg 450w, https:\/\/castelhano-ferreira.pt\/wp-content\/uploads\/2021\/07\/betula-100x100.jpg 100w\" sizes=\"(max-width: 150px) 100vw, 150px\" \/>\n\t\t\t<\/div>\n\t\t\t\t<figcaption class='wp-caption-text gallery-caption' id='gallery-1-5405'>\n\t\t\t\tB\u00e9tula\n\t\t\t\t<\/figcaption><\/figure><figure class='gallery-item'>\n\t\t\t<div class='gallery-icon landscape'>\n\t\t\t\t<img width=\"150\" height=\"150\" src=\"https:\/\/castelhano-ferreira.pt\/wp-content\/uploads\/2021\/07\/Maple_Vertical-150x150.jpg\" class=\"attachment-thumbnail size-thumbnail\" alt=\"\" loading=\"lazy\" aria-describedby=\"gallery-1-5414\" srcset=\"https:\/\/castelhano-ferreira.pt\/wp-content\/uploads\/2021\/07\/Maple_Vertical-150x150.jpg 150w, https:\/\/castelhano-ferreira.pt\/wp-content\/uploads\/2021\/07\/Maple_Vertical-100x100.jpg 100w\" sizes=\"(max-width: 150px) 100vw, 150px\" \/>\n\t\t\t<\/div>\n\t\t\t\t<figcaption class='wp-caption-text gallery-caption' id='gallery-1-5414'>\n\t\t\t\tMaple\n\t\t\t\t<\/figcaption><\/figure><figure class='gallery-item'>\n\t\t\t<div class='gallery-icon portrait'>\n\t\t\t\t<img width=\"150\" height=\"150\" src=\"https:\/\/castelhano-ferreira.pt\/wp-content\/uploads\/2021\/07\/freixo-150x150.jpg\" class=\"attachment-thumbnail size-thumbnail\" alt=\"\" loading=\"lazy\" aria-describedby=\"gallery-1-5409\" srcset=\"https:\/\/castelhano-ferreira.pt\/wp-content\/uploads\/2021\/07\/freixo-150x150.jpg 150w, https:\/\/castelhano-ferreira.pt\/wp-content\/uploads\/2021\/07\/freixo-450x450.jpg 450w, https:\/\/castelhano-ferreira.pt\/wp-content\/uploads\/2021\/07\/freixo-100x100.jpg 100w\" sizes=\"(max-width: 150px) 100vw, 150px\" \/>\n\t\t\t<\/div>\n\t\t\t\t<figcaption class='wp-caption-text gallery-caption' id='gallery-1-5409'>\n\t\t\t\tFreixo\n\t\t\t\t<\/figcaption><\/figure><figure class='gallery-item'>\n\t\t\t<div class='gallery-icon landscape'>\n\t\t\t\t<img width=\"150\" height=\"150\" src=\"https:\/\/castelhano-ferreira.pt\/wp-content\/uploads\/2021\/07\/carvalho-150x150.jpg\" class=\"attachment-thumbnail size-thumbnail\" alt=\"\" loading=\"lazy\" aria-describedby=\"gallery-1-5410\" srcset=\"https:\/\/castelhano-ferreira.pt\/wp-content\/uploads\/2021\/07\/carvalho-150x150.jpg 150w, https:\/\/castelhano-ferreira.pt\/wp-content\/uploads\/2021\/07\/carvalho-100x100.jpg 100w\" sizes=\"(max-width: 150px) 100vw, 150px\" \/>\n\t\t\t<\/div>\n\t\t\t\t<figcaption class='wp-caption-text gallery-caption' id='gallery-1-5410'>\n\t\t\t\tCarvalho\n\t\t\t\t<\/figcaption><\/figure><figure class='gallery-item'>\n\t\t\t<div class='gallery-icon landscape'>\n\t\t\t\t<img width=\"150\" height=\"150\" src=\"https:\/\/castelhano-ferreira.pt\/wp-content\/uploads\/2021\/07\/cerejeira-150x150.jpg\" class=\"attachment-thumbnail size-thumbnail\" alt=\"\" loading=\"lazy\" aria-describedby=\"gallery-1-5412\" srcset=\"https:\/\/castelhano-ferreira.pt\/wp-content\/uploads\/2021\/07\/cerejeira-150x150.jpg 150w, https:\/\/castelhano-ferreira.pt\/wp-content\/uploads\/2021\/07\/cerejeira-100x100.jpg 100w\" sizes=\"(max-width: 150px) 100vw, 150px\" \/>\n\t\t\t<\/div>\n\t\t\t\t<figcaption class='wp-caption-text gallery-caption' id='gallery-1-5412'>\n\t\t\t\tCerejeira\n\t\t\t\t<\/figcaption><\/figure><figure class='gallery-item'>\n\t\t\t<div class='gallery-icon landscape'>\n\t\t\t\t<img width=\"150\" height=\"150\" src=\"https:\/\/castelhano-ferreira.pt\/wp-content\/uploads\/2021\/10\/Nogueira-150x150.jpg\" class=\"attachment-thumbnail size-thumbnail\" alt=\"\" loading=\"lazy\" aria-describedby=\"gallery-1-7580\" srcset=\"https:\/\/castelhano-ferreira.pt\/wp-content\/uploads\/2021\/10\/Nogueira-150x150.jpg 150w, https:\/\/castelhano-ferreira.pt\/wp-content\/uploads\/2021\/10\/Nogueira-100x100.jpg 100w\" sizes=\"(max-width: 150px) 100vw, 150px\" \/>\n\t\t\t<\/div>\n\t\t\t\t<figcaption class='wp-caption-text gallery-caption' id='gallery-1-7580'>\n\t\t\t\tNogueira\n\t\t\t\t<\/figcaption><\/figure>\n\t\t<\/div>\n\t\t<\/div>\n\t\t\t\t<\/div>\n\t\t\t\t<\/div>\n\t\t\t\t\t\t<\/div>\n\t\t\t\t\t<\/div>\n\t\t<\/div>\n\t\t\t\t\t\t\t\t<\/div>\n\t\t\t\t\t<\/div>\n\t\t<\/section>\n\t\t\t\t<section class=\"elementor-section elementor-top-section elementor-element elementor-element-3b71ee91 elementor-section-height-min-height elementor-section-boxed elementor-section-height-default elementor-section-items-middle\" data-id=\"3b71ee91\" data-element_type=\"section\">\n\t\t\t\t\t\t\t<div class=\"elementor-background-overlay\"><\/div>\n\t\t\t\t\t\t\t<div class=\"elementor-container elementor-column-gap-default\">\n\t\t\t\t\t\t\t<div class=\"elementor-row\">\n\t\t\t\t\t<div class=\"elementor-column elementor-col-100 elementor-top-column elementor-element elementor-element-320fa686\" data-id=\"320fa686\" data-element_type=\"column\">\n\t\t\t<div class=\"elementor-column-wrap elementor-element-populated\">\n\t\t\t\t\t\t\t<div class=\"elementor-widget-wrap\">\n\t\t\t\t\t\t<div class=\"elementor-element elementor-element-4c5a80bb elementor-widget elementor-widget-heading\" data-id=\"4c5a80bb\" data-element_type=\"widget\" data-widget_type=\"heading.default\">\n\t\t\t\t<div class=\"elementor-widget-container\">\n\t\t\t<h2 class=\"elementor-heading-title elementor-size-default\">Laminados<\/h2>\t\t<\/div>\n\t\t\t\t<\/div>\n\t\t\t\t<div class=\"elementor-element elementor-element-4e48f0d0 gallery-spacing-custom elementor-widget elementor-widget-image-gallery\" data-id=\"4e48f0d0\" data-element_type=\"widget\" data-widget_type=\"image-gallery.default\">\n\t\t\t\t<div class=\"elementor-widget-container\">\n\t\t\t\t\t<div class=\"elementor-image-gallery\">\n\t\t\t<div id='gallery-2' class='gallery galleryid-7418 gallery-columns-7 gallery-size-thumbnail'><figure class='gallery-item'>\n\t\t\t<div class='gallery-icon landscape'>\n\t\t\t\t<img width=\"150\" height=\"150\" src=\"https:\/\/castelhano-ferreira.pt\/wp-content\/uploads\/2021\/07\/faia-150x150.jpg\" class=\"attachment-thumbnail size-thumbnail\" alt=\"\" loading=\"lazy\" aria-describedby=\"gallery-2-5406\" srcset=\"https:\/\/castelhano-ferreira.pt\/wp-content\/uploads\/2021\/07\/faia-150x150.jpg 150w, https:\/\/castelhano-ferreira.pt\/wp-content\/uploads\/2021\/07\/faia-450x450.jpg 450w, https:\/\/castelhano-ferreira.pt\/wp-content\/uploads\/2021\/07\/faia-100x100.jpg 100w, https:\/\/castelhano-ferreira.pt\/wp-content\/uploads\/2021\/07\/faia-300x300.jpg 300w, https:\/\/castelhano-ferreira.pt\/wp-content\/uploads\/2021\/07\/faia.jpg 600w\" sizes=\"(max-width: 150px) 100vw, 150px\" \/>\n\t\t\t<\/div>\n\t\t\t\t<figcaption class='wp-caption-text gallery-caption' id='gallery-2-5406'>\n\t\t\t\tFaia\n\t\t\t\t<\/figcaption><\/figure><figure class='gallery-item'>\n\t\t\t<div class='gallery-icon portrait'>\n\t\t\t\t<img width=\"150\" height=\"150\" src=\"https:\/\/castelhano-ferreira.pt\/wp-content\/uploads\/2021\/07\/betula-150x150.jpg\" class=\"attachment-thumbnail size-thumbnail\" alt=\"\" loading=\"lazy\" aria-describedby=\"gallery-2-5405\" srcset=\"https:\/\/castelhano-ferreira.pt\/wp-content\/uploads\/2021\/07\/betula-150x150.jpg 150w, https:\/\/castelhano-ferreira.pt\/wp-content\/uploads\/2021\/07\/betula-450x450.jpg 450w, https:\/\/castelhano-ferreira.pt\/wp-content\/uploads\/2021\/07\/betula-100x100.jpg 100w\" sizes=\"(max-width: 150px) 100vw, 150px\" \/>\n\t\t\t<\/div>\n\t\t\t\t<figcaption class='wp-caption-text gallery-caption' id='gallery-2-5405'>\n\t\t\t\tB\u00e9tula\n\t\t\t\t<\/figcaption><\/figure><figure class='gallery-item'>\n\t\t\t<div class='gallery-icon landscape'>\n\t\t\t\t<img width=\"150\" height=\"150\" src=\"https:\/\/castelhano-ferreira.pt\/wp-content\/uploads\/2021\/07\/Maple_Vertical-150x150.jpg\" class=\"attachment-thumbnail size-thumbnail\" alt=\"\" loading=\"lazy\" aria-describedby=\"gallery-2-5414\" srcset=\"https:\/\/castelhano-ferreira.pt\/wp-content\/uploads\/2021\/07\/Maple_Vertical-150x150.jpg 150w, https:\/\/castelhano-ferreira.pt\/wp-content\/uploads\/2021\/07\/Maple_Vertical-100x100.jpg 100w\" sizes=\"(max-width: 150px) 100vw, 150px\" \/>\n\t\t\t<\/div>\n\t\t\t\t<figcaption class='wp-caption-text gallery-caption' id='gallery-2-5414'>\n\t\t\t\tMaple\n\t\t\t\t<\/figcaption><\/figure><figure class='gallery-item'>\n\t\t\t<div class='gallery-icon portrait'>\n\t\t\t\t<img width=\"150\" height=\"150\" src=\"https:\/\/castelhano-ferreira.pt\/wp-content\/uploads\/2021\/07\/freixo-150x150.jpg\" class=\"attachment-thumbnail size-thumbnail\" alt=\"\" loading=\"lazy\" aria-describedby=\"gallery-2-5409\" srcset=\"https:\/\/castelhano-ferreira.pt\/wp-content\/uploads\/2021\/07\/freixo-150x150.jpg 150w, https:\/\/castelhano-ferreira.pt\/wp-content\/uploads\/2021\/07\/freixo-450x450.jpg 450w, https:\/\/castelhano-ferreira.pt\/wp-content\/uploads\/2021\/07\/freixo-100x100.jpg 100w\" sizes=\"(max-width: 150px) 100vw, 150px\" \/>\n\t\t\t<\/div>\n\t\t\t\t<figcaption class='wp-caption-text gallery-caption' id='gallery-2-5409'>\n\t\t\t\tFreixo\n\t\t\t\t<\/figcaption><\/figure><figure class='gallery-item'>\n\t\t\t<div class='gallery-icon landscape'>\n\t\t\t\t<img width=\"150\" height=\"150\" src=\"https:\/\/castelhano-ferreira.pt\/wp-content\/uploads\/2021\/07\/carvalho-150x150.jpg\" class=\"attachment-thumbnail size-thumbnail\" alt=\"\" loading=\"lazy\" aria-describedby=\"gallery-2-5410\" srcset=\"https:\/\/castelhano-ferreira.pt\/wp-content\/uploads\/2021\/07\/carvalho-150x150.jpg 150w, https:\/\/castelhano-ferreira.pt\/wp-content\/uploads\/2021\/07\/carvalho-100x100.jpg 100w\" sizes=\"(max-width: 150px) 100vw, 150px\" \/>\n\t\t\t<\/div>\n\t\t\t\t<figcaption class='wp-caption-text gallery-caption' id='gallery-2-5410'>\n\t\t\t\tCarvalho\n\t\t\t\t<\/figcaption><\/figure><figure class='gallery-item'>\n\t\t\t<div class='gallery-icon landscape'>\n\t\t\t\t<img width=\"150\" height=\"150\" src=\"https:\/\/castelhano-ferreira.pt\/wp-content\/uploads\/2021\/07\/cerejeira-150x150.jpg\" class=\"attachment-thumbnail size-thumbnail\" alt=\"\" loading=\"lazy\" aria-describedby=\"gallery-2-5412\" srcset=\"https:\/\/castelhano-ferreira.pt\/wp-content\/uploads\/2021\/07\/cerejeira-150x150.jpg 150w, https:\/\/castelhano-ferreira.pt\/wp-content\/uploads\/2021\/07\/cerejeira-100x100.jpg 100w\" sizes=\"(max-width: 150px) 100vw, 150px\" \/>\n\t\t\t<\/div>\n\t\t\t\t<figcaption class='wp-caption-text gallery-caption' id='gallery-2-5412'>\n\t\t\t\tCerejeira\n\t\t\t\t<\/figcaption><\/figure><figure class='gallery-item'>\n\t\t\t<div class='gallery-icon landscape'>\n\t\t\t\t<img width=\"150\" height=\"150\" src=\"https:\/\/castelhano-ferreira.pt\/wp-content\/uploads\/2021\/10\/Nogueira-150x150.jpg\" class=\"attachment-thumbnail size-thumbnail\" alt=\"\" loading=\"lazy\" aria-describedby=\"gallery-2-7580\" srcset=\"https:\/\/castelhano-ferreira.pt\/wp-content\/uploads\/2021\/10\/Nogueira-150x150.jpg 150w, https:\/\/castelhano-ferreira.pt\/wp-content\/uploads\/2021\/10\/Nogueira-100x100.jpg 100w\" sizes=\"(max-width: 150px) 100vw, 150px\" \/>\n\t\t\t<\/div>\n\t\t\t\t<figcaption class='wp-caption-text gallery-caption' id='gallery-2-7580'>\n\t\t\t\tNogueira\n\t\t\t\t<\/figcaption><\/figure><figure class='gallery-item'>\n\t\t\t<div class='gallery-icon landscape'>\n\t\t\t\t<img width=\"150\" height=\"150\" src=\"https:\/\/castelhano-ferreira.pt\/wp-content\/uploads\/2021\/07\/white-150x150.jpg\" class=\"attachment-thumbnail size-thumbnail\" alt=\"\" loading=\"lazy\" aria-describedby=\"gallery-2-5420\" srcset=\"https:\/\/castelhano-ferreira.pt\/wp-content\/uploads\/2021\/07\/white-150x150.jpg 150w, https:\/\/castelhano-ferreira.pt\/wp-content\/uploads\/2021\/07\/white-100x100.jpg 100w\" sizes=\"(max-width: 150px) 100vw, 150px\" \/>\n\t\t\t<\/div>\n\t\t\t\t<figcaption class='wp-caption-text gallery-caption' id='gallery-2-5420'>\n\t\t\t\tBranco\n\t\t\t\t<\/figcaption><\/figure><figure class='gallery-item'>\n\t\t\t<div class='gallery-icon landscape'>\n\t\t\t\t<img width=\"150\" height=\"150\" src=\"https:\/\/castelhano-ferreira.pt\/wp-content\/uploads\/2021\/07\/cinza-150x150.jpg\" class=\"attachment-thumbnail size-thumbnail\" alt=\"\" loading=\"lazy\" aria-describedby=\"gallery-2-5417\" srcset=\"https:\/\/castelhano-ferreira.pt\/wp-content\/uploads\/2021\/07\/cinza-150x150.jpg 150w, https:\/\/castelhano-ferreira.pt\/wp-content\/uploads\/2021\/07\/cinza-100x100.jpg 100w\" sizes=\"(max-width: 150px) 100vw, 150px\" \/>\n\t\t\t<\/div>\n\t\t\t\t<figcaption class='wp-caption-text gallery-caption' id='gallery-2-5417'>\n\t\t\t\tCinza\n\t\t\t\t<\/figcaption><\/figure><figure class='gallery-item'>\n\t\t\t<div class='gallery-icon landscape'>\n\t\t\t\t<img width=\"150\" height=\"150\" src=\"https:\/\/castelhano-ferreira.pt\/wp-content\/uploads\/2021\/07\/PRETO-150x150.jpg\" class=\"attachment-thumbnail size-thumbnail\" alt=\"\" loading=\"lazy\" aria-describedby=\"gallery-2-5418\" srcset=\"https:\/\/castelhano-ferreira.pt\/wp-content\/uploads\/2021\/07\/PRETO-150x150.jpg 150w, https:\/\/castelhano-ferreira.pt\/wp-content\/uploads\/2021\/07\/PRETO-100x100.jpg 100w\" sizes=\"(max-width: 150px) 100vw, 150px\" \/>\n\t\t\t<\/div>\n\t\t\t\t<figcaption class='wp-caption-text gallery-caption' id='gallery-2-5418'>\n\t\t\t\tPreto\n\t\t\t\t<\/figcaption><\/figure>\n\t\t<\/div>\n\t\t<\/div>\n\t\t\t\t<\/div>\n\t\t\t\t<\/div>\n\t\t\t\t\t\t<\/div>\n\t\t\t\t\t<\/div>\n\t\t<\/div>\n\t\t\t\t\t\t\t\t<\/div>\n\t\t\t\t\t<\/div>\n\t\t<\/section>\n\t\t\t\t\t\t<\/div>\n\t\t\t\t\t\t<\/div>\n\t\t\t\t\t<\/div>\n\t\t","protected":false},"excerpt":{"rendered":"<p>ACABAMENTOS Folheados Faia B\u00e9tula Maple Freixo Carvalho Cerejeira Nogueira Laminados Faia B\u00e9tula Maple Freixo Carvalho Cerejeira Nogueira Branco Cinza Preto<\/p>\n","protected":false},"author":3,"featured_media":0,"parent":0,"menu_order":0,"comment_status":"closed","ping_status":"closed","template":"elementor_header_footer","meta":[],"yoast_head":"<!-- This site is optimized with the Yoast SEO plugin v17.3 - https:\/\/yoast.com\/wordpress\/plugins\/seo\/ -->\n<title>Laminados e Folheados - Castelhano e Ferreira<\/title>\n<meta name=\"robots\" content=\"index, follow, max-snippet:-1, max-image-preview:large, max-video-preview:-1\" \/>\n<link rel=\"canonical\" href=\"https:\/\/castelhano-ferreira.pt\/index.php\/laminados-e-folheados\/\" \/>\n<meta property=\"og:locale\" content=\"en_US\" \/>\n<meta property=\"og:type\" content=\"article\" \/>\n<meta property=\"og:title\" content=\"Laminados e Folheados - Castelhano e Ferreira\" \/>\n<meta property=\"og:description\" content=\"ACABAMENTOS Folheados Faia B\u00e9tula Maple Freixo Carvalho Cerejeira Nogueira Laminados Faia B\u00e9tula Maple Freixo Carvalho Cerejeira Nogueira Branco Cinza Preto\" \/>\n<meta property=\"og:url\" content=\"https:\/\/castelhano-ferreira.pt\/index.php\/laminados-e-folheados\/\" \/>\n<meta property=\"og:site_name\" content=\"Castelhano e Ferreira\" \/>\n<meta property=\"article:modified_time\" content=\"2021-10-11T11:24:31+00:00\" \/>\n<meta property=\"og:image\" content=\"https:\/\/www.castelhano-ferreira.pt\/wp-content\/uploads\/2021\/07\/faia-150x150.jpg\" \/>\n<meta name=\"twitter:card\" content=\"summary_large_image\" \/>\n<script type=\"application\/ld+json\" class=\"yoast-schema-graph\">{\"@context\":\"https:\/\/schema.org\",\"@graph\":[{\"@type\":\"WebSite\",\"@id\":\"https:\/\/castelhano-ferreira.pt\/#website\",\"url\":\"https:\/\/castelhano-ferreira.pt\/\",\"name\":\"Castelhano e Ferreira\",\"description\":\"Solu\\u00e7\\u00f5es Globais para Espa\\u00e7os de Trabalho\",\"potentialAction\":[{\"@type\":\"SearchAction\",\"target\":{\"@type\":\"EntryPoint\",\"urlTemplate\":\"https:\/\/castelhano-ferreira.pt\/?s={search_term_string}\"},\"query-input\":\"required name=search_term_string\"}],\"inLanguage\":\"en-US\"},{\"@type\":\"ImageObject\",\"@id\":\"https:\/\/castelhano-ferreira.pt\/index.php\/laminados-e-folheados\/#primaryimage\",\"inLanguage\":\"en-US\",\"url\":\"https:\/\/www.castelhano-ferreira.pt\/wp-content\/uploads\/2021\/07\/faia-150x150.jpg\",\"contentUrl\":\"https:\/\/www.castelhano-ferreira.pt\/wp-content\/uploads\/2021\/07\/faia-150x150.jpg\"},{\"@type\":\"WebPage\",\"@id\":\"https:\/\/castelhano-ferreira.pt\/index.php\/laminados-e-folheados\/#webpage\",\"url\":\"https:\/\/castelhano-ferreira.pt\/index.php\/laminados-e-folheados\/\",\"name\":\"Laminados e Folheados - Castelhano e Ferreira\",\"isPartOf\":{\"@id\":\"https:\/\/castelhano-ferreira.pt\/#website\"},\"primaryImageOfPage\":{\"@id\":\"https:\/\/castelhano-ferreira.pt\/index.php\/laminados-e-folheados\/#primaryimage\"},\"datePublished\":\"2021-09-22T10:51:37+00:00\",\"dateModified\":\"2021-10-11T11:24:31+00:00\",\"breadcrumb\":{\"@id\":\"https:\/\/castelhano-ferreira.pt\/index.php\/laminados-e-folheados\/#breadcrumb\"},\"inLanguage\":\"en-US\",\"potentialAction\":[{\"@type\":\"ReadAction\",\"target\":[\"https:\/\/castelhano-ferreira.pt\/index.php\/laminados-e-folheados\/\"]}]},{\"@type\":\"BreadcrumbList\",\"@id\":\"https:\/\/castelhano-ferreira.pt\/index.php\/laminados-e-folheados\/#breadcrumb\",\"itemListElement\":[{\"@type\":\"ListItem\",\"position\":1,\"name\":\"Home\",\"item\":\"https:\/\/castelhano-ferreira.pt\/\"},{\"@type\":\"ListItem\",\"position\":2,\"name\":\"Laminados e Folheados\"}]}]}<\/script>\n<!-- \/ Yoast SEO plugin. -->","yoast_head_json":{"title":"Laminados e Folheados - Castelhano e Ferreira","robots":{"index":"index","follow":"follow","max-snippet":"max-snippet:-1","max-image-preview":"max-image-preview:large","max-video-preview":"max-video-preview:-1"},"canonical":"https:\/\/castelhano-ferreira.pt\/index.php\/laminados-e-folheados\/","og_locale":"en_US","og_type":"article","og_title":"Laminados e Folheados - Castelhano e Ferreira","og_description":"ACABAMENTOS Folheados Faia B\u00e9tula Maple Freixo Carvalho Cerejeira Nogueira Laminados Faia B\u00e9tula Maple Freixo Carvalho Cerejeira Nogueira Branco Cinza Preto","og_url":"https:\/\/castelhano-ferreira.pt\/index.php\/laminados-e-folheados\/","og_site_name":"Castelhano e Ferreira","article_modified_time":"2021-10-11T11:24:31+00:00","og_image":[{"url":"https:\/\/www.castelhano-ferreira.pt\/wp-content\/uploads\/2021\/07\/faia-150x150.jpg"}],"twitter_card":"summary_large_image","schema":{"@context":"https:\/\/schema.org","@graph":[{"@type":"WebSite","@id":"https:\/\/castelhano-ferreira.pt\/#website","url":"https:\/\/castelhano-ferreira.pt\/","name":"Castelhano e Ferreira","description":"Solu\u00e7\u00f5es Globais para Espa\u00e7os de Trabalho","potentialAction":[{"@type":"SearchAction","target":{"@type":"EntryPoint","urlTemplate":"https:\/\/castelhano-ferreira.pt\/?s={search_term_string}"},"query-input":"required name=search_term_string"}],"inLanguage":"en-US"},{"@type":"ImageObject","@id":"https:\/\/castelhano-ferreira.pt\/index.php\/laminados-e-folheados\/#primaryimage","inLanguage":"en-US","url":"https:\/\/www.castelhano-ferreira.pt\/wp-content\/uploads\/2021\/07\/faia-150x150.jpg","contentUrl":"https:\/\/www.castelhano-ferreira.pt\/wp-content\/uploads\/2021\/07\/faia-150x150.jpg"},{"@type":"WebPage","@id":"https:\/\/castelhano-ferreira.pt\/index.php\/laminados-e-folheados\/#webpage","url":"https:\/\/castelhano-ferreira.pt\/index.php\/laminados-e-folheados\/","name":"Laminados e Folheados - Castelhano e Ferreira","isPartOf":{"@id":"https:\/\/castelhano-ferreira.pt\/#website"},"primaryImageOfPage":{"@id":"https:\/\/castelhano-ferreira.pt\/index.php\/laminados-e-folheados\/#primaryimage"},"datePublished":"2021-09-22T10:51:37+00:00","dateModified":"2021-10-11T11:24:31+00:00","breadcrumb":{"@id":"https:\/\/castelhano-ferreira.pt\/index.php\/laminados-e-folheados\/#breadcrumb"},"inLanguage":"en-US","potentialAction":[{"@type":"ReadAction","target":["https:\/\/castelhano-ferreira.pt\/index.php\/laminados-e-folheados\/"]}]},{"@type":"BreadcrumbList","@id":"https:\/\/castelhano-ferreira.pt\/index.php\/laminados-e-folheados\/#breadcrumb","itemListElement":[{"@type":"ListItem","position":1,"name":"Home","item":"https:\/\/castelhano-ferreira.pt\/"},{"@type":"ListItem","position":2,"name":"Laminados e Folheados"}]}]}},"_links":{"self":[{"href":"https:\/\/castelhano-ferreira.pt\/index.php\/wp-json\/wp\/v2\/pages\/7418"}],"collection":[{"href":"https:\/\/castelhano-ferreira.pt\/index.php\/wp-json\/wp\/v2\/pages"}],"about":[{"href":"https:\/\/castelhano-ferreira.pt\/index.php\/wp-json\/wp\/v2\/types\/page"}],"author":[{"embeddable":true,"href":"https:\/\/castelhano-ferreira.pt\/index.php\/wp-json\/wp\/v2\/users\/3"}],"replies":[{"embeddable":true,"href":"https:\/\/castelhano-ferreira.pt\/index.php\/wp-json\/wp\/v2\/comments?post=7418"}],"version-history":[{"count":31,"href":"https:\/\/castelhano-ferreira.pt\/index.php\/wp-json\/wp\/v2\/pages\/7418\/revisions"}],"predecessor-version":[{"id":9485,"href":"https:\/\/castelhano-ferreira.pt\/index.php\/wp-json\/wp\/v2\/pages\/7418\/revisions\/9485"}],"wp:attachment":[{"href":"https:\/\/castelhano-ferreira.pt\/index.php\/wp-json\/wp\/v2\/media?parent=7418"}],"curies":[{"name":"wp","href":"https:\/\/api.w.org\/{rel}","templated":true}]}}