{"id":1015,"date":"2019-12-11T12:36:49","date_gmt":"2019-12-11T12:36:49","guid":{"rendered":"https:\/\/developer.blink-eye.com\/castelhano\/?post_type=product&#038;p=1015"},"modified":"2019-12-18T10:56:28","modified_gmt":"2019-12-18T10:56:28","slug":"textura-cf-icaro","status":"publish","type":"product","link":"https:\/\/castelhano-ferreira.pt\/index.php\/product\/textura-cf-icaro\/","title":{"rendered":"Textura CF &#8211; \u00cdcaro"},"content":{"rendered":"<p><strong>Dimens\u00f5es |<\/strong> 2490 x 1240 mm<\/p>\n<p><strong>Material |<\/strong> Valchromat<\/p>\n<p><strong>Acabamentos |<\/strong> Verniz ou Lacagem<\/p>\n<p><strong>Descri\u00e7\u00e3o |\u00a0<\/strong><\/p>\n<p>Inspirada na mitologia grega \u00cdcaro e suas asas de cera, esta textura cria espa\u00e7os onde a imagina\u00e7\u00e3o voa para lugares surreais e sensa\u00e7\u00f5es v\u00eam \u00e0 superf\u00edcie da pele.<\/p>\n","protected":false},"excerpt":{"rendered":"<p><strong>Dimens\u00f5es |<\/strong> 2490 x 1240 mm<\/p>\n<p><strong>Material |<\/strong> Valchromat<\/p>\n<p><strong>Acabamentos |<\/strong> Verniz ou Lacagem<\/p>\n<p><strong>Descri\u00e7\u00e3o |\u00a0<\/strong><\/p>\n<p>Inspirada na mitologia grega \u00cdcaro e suas asas de cera, esta textura cria espa\u00e7os onde a imagina\u00e7\u00e3o voa para lugares surreais e sensa\u00e7\u00f5es v\u00eam \u00e0 superf\u00edcie da pele.<\/p>\n","protected":false},"featured_media":910,"comment_status":"open","ping_status":"closed","template":"","meta":[],"yoast_head":"<!-- This site is optimized with the Yoast SEO plugin v17.3 - https:\/\/yoast.com\/wordpress\/plugins\/seo\/ -->\n<title>Textura CF - \u00cdcaro - Castelhano e Ferreira<\/title>\n<meta name=\"robots\" content=\"index, follow, max-snippet:-1, max-image-preview:large, max-video-preview:-1\" \/>\n<link rel=\"canonical\" href=\"https:\/\/castelhano-ferreira.pt\/index.php\/product\/textura-cf-icaro\/\" \/>\n<meta property=\"og:locale\" content=\"en_US\" \/>\n<meta property=\"og:type\" content=\"article\" \/>\n<meta property=\"og:title\" content=\"Textura CF - \u00cdcaro - Castelhano e Ferreira\" \/>\n<meta property=\"og:description\" content=\"Dimens\u00f5es | 2490 x 1240 mm  Material | Valchromat  Acabamentos | Verniz ou Lacagem  Descri\u00e7\u00e3o |\u00a0  Inspirada na mitologia grega \u00cdcaro e suas asas de cera, esta textura cria espa\u00e7os onde a imagina\u00e7\u00e3o voa para lugares surreais e sensa\u00e7\u00f5es v\u00eam \u00e0 superf\u00edcie da pele.\" \/>\n<meta property=\"og:url\" content=\"https:\/\/castelhano-ferreira.pt\/index.php\/product\/textura-cf-icaro\/\" \/>\n<meta property=\"og:site_name\" content=\"Castelhano e Ferreira\" \/>\n<meta property=\"article:modified_time\" content=\"2019-12-18T10:56:28+00:00\" \/>\n<meta property=\"og:image\" content=\"https:\/\/castelhano-ferreira.pt\/wp-content\/uploads\/2019\/12\/\u00b0caro.jpg\" \/>\n\t<meta property=\"og:image:width\" content=\"1206\" \/>\n\t<meta property=\"og:image:height\" content=\"1205\" \/>\n<meta name=\"twitter:card\" content=\"summary_large_image\" \/>\n<script type=\"application\/ld+json\" class=\"yoast-schema-graph\">{\"@context\":\"https:\/\/schema.org\",\"@graph\":[{\"@type\":\"WebSite\",\"@id\":\"https:\/\/castelhano-ferreira.pt\/#website\",\"url\":\"https:\/\/castelhano-ferreira.pt\/\",\"name\":\"Castelhano e Ferreira\",\"description\":\"Solu\\u00e7\\u00f5es Globais para Espa\\u00e7os de Trabalho\",\"potentialAction\":[{\"@type\":\"SearchAction\",\"target\":{\"@type\":\"EntryPoint\",\"urlTemplate\":\"https:\/\/castelhano-ferreira.pt\/?s={search_term_string}\"},\"query-input\":\"required name=search_term_string\"}],\"inLanguage\":\"en-US\"},{\"@type\":\"ImageObject\",\"@id\":\"https:\/\/castelhano-ferreira.pt\/index.php\/product\/textura-cf-icaro\/#primaryimage\",\"inLanguage\":\"en-US\",\"url\":\"https:\/\/castelhano-ferreira.pt\/wp-content\/uploads\/2019\/12\/\\u00b0caro.jpg\",\"contentUrl\":\"https:\/\/castelhano-ferreira.pt\/wp-content\/uploads\/2019\/12\/\\u00b0caro.jpg\",\"width\":1206,\"height\":1205},{\"@type\":\"WebPage\",\"@id\":\"https:\/\/castelhano-ferreira.pt\/index.php\/product\/textura-cf-icaro\/#webpage\",\"url\":\"https:\/\/castelhano-ferreira.pt\/index.php\/product\/textura-cf-icaro\/\",\"name\":\"Textura CF - \\u00cdcaro - Castelhano e Ferreira\",\"isPartOf\":{\"@id\":\"https:\/\/castelhano-ferreira.pt\/#website\"},\"primaryImageOfPage\":{\"@id\":\"https:\/\/castelhano-ferreira.pt\/index.php\/product\/textura-cf-icaro\/#primaryimage\"},\"datePublished\":\"2019-12-11T12:36:49+00:00\",\"dateModified\":\"2019-12-18T10:56:28+00:00\",\"breadcrumb\":{\"@id\":\"https:\/\/castelhano-ferreira.pt\/index.php\/product\/textura-cf-icaro\/#breadcrumb\"},\"inLanguage\":\"en-US\",\"potentialAction\":[{\"@type\":\"ReadAction\",\"target\":[\"https:\/\/castelhano-ferreira.pt\/index.php\/product\/textura-cf-icaro\/\"]}]},{\"@type\":\"BreadcrumbList\",\"@id\":\"https:\/\/castelhano-ferreira.pt\/index.php\/product\/textura-cf-icaro\/#breadcrumb\",\"itemListElement\":[{\"@type\":\"ListItem\",\"position\":1,\"name\":\"Home\",\"item\":\"https:\/\/castelhano-ferreira.pt\/\"},{\"@type\":\"ListItem\",\"position\":2,\"name\":\"Loja\",\"item\":\"https:\/\/castelhano-ferreira.pt\/index.php\/loja\/\"},{\"@type\":\"ListItem\",\"position\":3,\"name\":\"Textura CF &#8211; \\u00cdcaro\"}]}]}<\/script>\n<!-- \/ Yoast SEO plugin. -->","yoast_head_json":{"title":"Textura CF - \u00cdcaro - Castelhano e Ferreira","robots":{"index":"index","follow":"follow","max-snippet":"max-snippet:-1","max-image-preview":"max-image-preview:large","max-video-preview":"max-video-preview:-1"},"canonical":"https:\/\/castelhano-ferreira.pt\/index.php\/product\/textura-cf-icaro\/","og_locale":"en_US","og_type":"article","og_title":"Textura CF - \u00cdcaro - Castelhano e Ferreira","og_description":"Dimens\u00f5es | 2490 x 1240 mm  Material | Valchromat  Acabamentos | Verniz ou Lacagem  Descri\u00e7\u00e3o |\u00a0  Inspirada na mitologia grega \u00cdcaro e suas asas de cera, esta textura cria espa\u00e7os onde a imagina\u00e7\u00e3o voa para lugares surreais e sensa\u00e7\u00f5es v\u00eam \u00e0 superf\u00edcie da pele.","og_url":"https:\/\/castelhano-ferreira.pt\/index.php\/product\/textura-cf-icaro\/","og_site_name":"Castelhano e Ferreira","article_modified_time":"2019-12-18T10:56:28+00:00","og_image":[{"width":1206,"height":1205,"url":"https:\/\/castelhano-ferreira.pt\/wp-content\/uploads\/2019\/12\/\u00b0caro.jpg","type":"image\/jpeg"}],"twitter_card":"summary_large_image","schema":{"@context":"https:\/\/schema.org","@graph":[{"@type":"WebSite","@id":"https:\/\/castelhano-ferreira.pt\/#website","url":"https:\/\/castelhano-ferreira.pt\/","name":"Castelhano e Ferreira","description":"Solu\u00e7\u00f5es Globais para Espa\u00e7os de Trabalho","potentialAction":[{"@type":"SearchAction","target":{"@type":"EntryPoint","urlTemplate":"https:\/\/castelhano-ferreira.pt\/?s={search_term_string}"},"query-input":"required name=search_term_string"}],"inLanguage":"en-US"},{"@type":"ImageObject","@id":"https:\/\/castelhano-ferreira.pt\/index.php\/product\/textura-cf-icaro\/#primaryimage","inLanguage":"en-US","url":"https:\/\/castelhano-ferreira.pt\/wp-content\/uploads\/2019\/12\/\u00b0caro.jpg","contentUrl":"https:\/\/castelhano-ferreira.pt\/wp-content\/uploads\/2019\/12\/\u00b0caro.jpg","width":1206,"height":1205},{"@type":"WebPage","@id":"https:\/\/castelhano-ferreira.pt\/index.php\/product\/textura-cf-icaro\/#webpage","url":"https:\/\/castelhano-ferreira.pt\/index.php\/product\/textura-cf-icaro\/","name":"Textura CF - \u00cdcaro - Castelhano e Ferreira","isPartOf":{"@id":"https:\/\/castelhano-ferreira.pt\/#website"},"primaryImageOfPage":{"@id":"https:\/\/castelhano-ferreira.pt\/index.php\/product\/textura-cf-icaro\/#primaryimage"},"datePublished":"2019-12-11T12:36:49+00:00","dateModified":"2019-12-18T10:56:28+00:00","breadcrumb":{"@id":"https:\/\/castelhano-ferreira.pt\/index.php\/product\/textura-cf-icaro\/#breadcrumb"},"inLanguage":"en-US","potentialAction":[{"@type":"ReadAction","target":["https:\/\/castelhano-ferreira.pt\/index.php\/product\/textura-cf-icaro\/"]}]},{"@type":"BreadcrumbList","@id":"https:\/\/castelhano-ferreira.pt\/index.php\/product\/textura-cf-icaro\/#breadcrumb","itemListElement":[{"@type":"ListItem","position":1,"name":"Home","item":"https:\/\/castelhano-ferreira.pt\/"},{"@type":"ListItem","position":2,"name":"Loja","item":"https:\/\/castelhano-ferreira.pt\/index.php\/loja\/"},{"@type":"ListItem","position":3,"name":"Textura CF &#8211; \u00cdcaro"}]}]}},"_links":{"self":[{"href":"https:\/\/castelhano-ferreira.pt\/index.php\/wp-json\/wp\/v2\/product\/1015"}],"collection":[{"href":"https:\/\/castelhano-ferreira.pt\/index.php\/wp-json\/wp\/v2\/product"}],"about":[{"href":"https:\/\/castelhano-ferreira.pt\/index.php\/wp-json\/wp\/v2\/types\/product"}],"replies":[{"embeddable":true,"href":"https:\/\/castelhano-ferreira.pt\/index.php\/wp-json\/wp\/v2\/comments?post=1015"}],"wp:featuredmedia":[{"embeddable":true,"href":"https:\/\/castelhano-ferreira.pt\/index.php\/wp-json\/wp\/v2\/media\/910"}],"wp:attachment":[{"href":"https:\/\/castelhano-ferreira.pt\/index.php\/wp-json\/wp\/v2\/media?parent=1015"}],"curies":[{"name":"wp","href":"https:\/\/api.w.org\/{rel}","templated":true}]}}