{"id":1271,"date":"2019-12-12T17:07:43","date_gmt":"2019-12-12T17:07:43","guid":{"rendered":"https:\/\/developer.blink-eye.com\/castelhano\/?post_type=product&#038;p=1271"},"modified":"2019-12-12T17:08:46","modified_gmt":"2019-12-12T17:08:46","slug":"after-xxi-partiitons","status":"publish","type":"product","link":"https:\/\/castelhano-ferreira.pt\/index.php\/product\/after-xxi-partiitons\/","title":{"rendered":"After XXI  &#8211; Partiitons"},"content":{"rendered":"<p><strong>Coverings <\/strong>| Glass, Agglomerate<\/p>\n<p><strong>Finishing of opaque models<\/strong>| Melamine, Natural wood sheet (varnished), lacquered, textiles,\u00a0Acoustic Panels XXI or CF Textures<\/p>\n<p><b>Partitions Thickness<\/b>|\u00a0 110mm<\/p>\n<p><strong>Doors |<\/strong>Swing or Sliding doors<\/p>\n<p><strong>Description |\u00a0<\/strong><\/p>\n<p>A unique, versatile and elegant model that is noted for its light aluminium structure<\/p>\n","protected":false},"excerpt":{"rendered":"<p>Coverings | Glass, Agglomerate Finishing of opaque models| Melamine, Natural wood sheet (varnished), lacquered, textiles,\u00a0Acoustic Panels XXI or CF Textures Partitions Thickness|\u00a0 110mm Doors |Swing or Sliding doors Description |\u00a0 A unique, versatile and elegant model that is noted for its light aluminium structure<\/p>\n","protected":false},"featured_media":1092,"comment_status":"open","ping_status":"closed","template":"","meta":[],"yoast_head":"<!-- This site is optimized with the Yoast SEO plugin v17.3 - https:\/\/yoast.com\/wordpress\/plugins\/seo\/ -->\n<title>After XXI - Partiitons - Castelhano e Ferreira<\/title>\n<meta name=\"robots\" content=\"index, follow, max-snippet:-1, max-image-preview:large, max-video-preview:-1\" \/>\n<link rel=\"canonical\" href=\"https:\/\/castelhano-ferreira.pt\/index.php\/product\/after-xxi-partiitons\/\" \/>\n<meta property=\"og:locale\" content=\"en_US\" \/>\n<meta property=\"og:type\" content=\"article\" \/>\n<meta property=\"og:title\" content=\"After XXI - Partiitons - Castelhano e Ferreira\" \/>\n<meta property=\"og:description\" content=\"Coverings | Glass, Agglomerate Finishing of opaque models| Melamine, Natural wood sheet (varnished), lacquered, textiles,\u00a0Acoustic Panels XXI or CF Textures Partitions Thickness|\u00a0 110mm Doors |Swing or Sliding doors Description |\u00a0 A unique, versatile and elegant model that is noted for its light aluminium structure\" \/>\n<meta property=\"og:url\" content=\"https:\/\/castelhano-ferreira.pt\/index.php\/product\/after-xxi-partiitons\/\" \/>\n<meta property=\"og:site_name\" content=\"Castelhano e Ferreira\" \/>\n<meta property=\"article:modified_time\" content=\"2019-12-12T17:08:46+00:00\" \/>\n<meta property=\"og:image\" content=\"https:\/\/castelhano-ferreira.pt\/wp-content\/uploads\/2019\/12\/AfterXXI-cam14-copy-scaled.jpg\" \/>\n\t<meta property=\"og:image:width\" content=\"2560\" \/>\n\t<meta property=\"og:image:height\" content=\"1670\" \/>\n<meta name=\"twitter:card\" content=\"summary_large_image\" \/>\n<script type=\"application\/ld+json\" class=\"yoast-schema-graph\">{\"@context\":\"https:\/\/schema.org\",\"@graph\":[{\"@type\":\"WebSite\",\"@id\":\"https:\/\/castelhano-ferreira.pt\/#website\",\"url\":\"https:\/\/castelhano-ferreira.pt\/\",\"name\":\"Castelhano e Ferreira\",\"description\":\"Solu\\u00e7\\u00f5es Globais para Espa\\u00e7os de Trabalho\",\"potentialAction\":[{\"@type\":\"SearchAction\",\"target\":{\"@type\":\"EntryPoint\",\"urlTemplate\":\"https:\/\/castelhano-ferreira.pt\/?s={search_term_string}\"},\"query-input\":\"required name=search_term_string\"}],\"inLanguage\":\"en-US\"},{\"@type\":\"ImageObject\",\"@id\":\"https:\/\/castelhano-ferreira.pt\/index.php\/product\/after-xxi-partiitons\/#primaryimage\",\"inLanguage\":\"en-US\",\"url\":\"https:\/\/castelhano-ferreira.pt\/wp-content\/uploads\/2019\/12\/AfterXXI-cam14-copy-scaled.jpg\",\"contentUrl\":\"https:\/\/castelhano-ferreira.pt\/wp-content\/uploads\/2019\/12\/AfterXXI-cam14-copy-scaled.jpg\",\"width\":2560,\"height\":1670},{\"@type\":\"WebPage\",\"@id\":\"https:\/\/castelhano-ferreira.pt\/index.php\/product\/after-xxi-partiitons\/#webpage\",\"url\":\"https:\/\/castelhano-ferreira.pt\/index.php\/product\/after-xxi-partiitons\/\",\"name\":\"After XXI - Partiitons - Castelhano e Ferreira\",\"isPartOf\":{\"@id\":\"https:\/\/castelhano-ferreira.pt\/#website\"},\"primaryImageOfPage\":{\"@id\":\"https:\/\/castelhano-ferreira.pt\/index.php\/product\/after-xxi-partiitons\/#primaryimage\"},\"datePublished\":\"2019-12-12T17:07:43+00:00\",\"dateModified\":\"2019-12-12T17:08:46+00:00\",\"breadcrumb\":{\"@id\":\"https:\/\/castelhano-ferreira.pt\/index.php\/product\/after-xxi-partiitons\/#breadcrumb\"},\"inLanguage\":\"en-US\",\"potentialAction\":[{\"@type\":\"ReadAction\",\"target\":[\"https:\/\/castelhano-ferreira.pt\/index.php\/product\/after-xxi-partiitons\/\"]}]},{\"@type\":\"BreadcrumbList\",\"@id\":\"https:\/\/castelhano-ferreira.pt\/index.php\/product\/after-xxi-partiitons\/#breadcrumb\",\"itemListElement\":[{\"@type\":\"ListItem\",\"position\":1,\"name\":\"Home\",\"item\":\"https:\/\/castelhano-ferreira.pt\/\"},{\"@type\":\"ListItem\",\"position\":2,\"name\":\"Loja\",\"item\":\"https:\/\/castelhano-ferreira.pt\/index.php\/loja\/\"},{\"@type\":\"ListItem\",\"position\":3,\"name\":\"After XXI &#8211; Partiitons\"}]}]}<\/script>\n<!-- \/ Yoast SEO plugin. -->","yoast_head_json":{"title":"After XXI - Partiitons - Castelhano e Ferreira","robots":{"index":"index","follow":"follow","max-snippet":"max-snippet:-1","max-image-preview":"max-image-preview:large","max-video-preview":"max-video-preview:-1"},"canonical":"https:\/\/castelhano-ferreira.pt\/index.php\/product\/after-xxi-partiitons\/","og_locale":"en_US","og_type":"article","og_title":"After XXI - Partiitons - Castelhano e Ferreira","og_description":"Coverings | Glass, Agglomerate Finishing of opaque models| Melamine, Natural wood sheet (varnished), lacquered, textiles,\u00a0Acoustic Panels XXI or CF Textures Partitions Thickness|\u00a0 110mm Doors |Swing or Sliding doors Description |\u00a0 A unique, versatile and elegant model that is noted for its light aluminium structure","og_url":"https:\/\/castelhano-ferreira.pt\/index.php\/product\/after-xxi-partiitons\/","og_site_name":"Castelhano e Ferreira","article_modified_time":"2019-12-12T17:08:46+00:00","og_image":[{"width":2560,"height":1670,"url":"https:\/\/castelhano-ferreira.pt\/wp-content\/uploads\/2019\/12\/AfterXXI-cam14-copy-scaled.jpg","type":"image\/jpeg"}],"twitter_card":"summary_large_image","schema":{"@context":"https:\/\/schema.org","@graph":[{"@type":"WebSite","@id":"https:\/\/castelhano-ferreira.pt\/#website","url":"https:\/\/castelhano-ferreira.pt\/","name":"Castelhano e Ferreira","description":"Solu\u00e7\u00f5es Globais para Espa\u00e7os de Trabalho","potentialAction":[{"@type":"SearchAction","target":{"@type":"EntryPoint","urlTemplate":"https:\/\/castelhano-ferreira.pt\/?s={search_term_string}"},"query-input":"required name=search_term_string"}],"inLanguage":"en-US"},{"@type":"ImageObject","@id":"https:\/\/castelhano-ferreira.pt\/index.php\/product\/after-xxi-partiitons\/#primaryimage","inLanguage":"en-US","url":"https:\/\/castelhano-ferreira.pt\/wp-content\/uploads\/2019\/12\/AfterXXI-cam14-copy-scaled.jpg","contentUrl":"https:\/\/castelhano-ferreira.pt\/wp-content\/uploads\/2019\/12\/AfterXXI-cam14-copy-scaled.jpg","width":2560,"height":1670},{"@type":"WebPage","@id":"https:\/\/castelhano-ferreira.pt\/index.php\/product\/after-xxi-partiitons\/#webpage","url":"https:\/\/castelhano-ferreira.pt\/index.php\/product\/after-xxi-partiitons\/","name":"After XXI - Partiitons - Castelhano e Ferreira","isPartOf":{"@id":"https:\/\/castelhano-ferreira.pt\/#website"},"primaryImageOfPage":{"@id":"https:\/\/castelhano-ferreira.pt\/index.php\/product\/after-xxi-partiitons\/#primaryimage"},"datePublished":"2019-12-12T17:07:43+00:00","dateModified":"2019-12-12T17:08:46+00:00","breadcrumb":{"@id":"https:\/\/castelhano-ferreira.pt\/index.php\/product\/after-xxi-partiitons\/#breadcrumb"},"inLanguage":"en-US","potentialAction":[{"@type":"ReadAction","target":["https:\/\/castelhano-ferreira.pt\/index.php\/product\/after-xxi-partiitons\/"]}]},{"@type":"BreadcrumbList","@id":"https:\/\/castelhano-ferreira.pt\/index.php\/product\/after-xxi-partiitons\/#breadcrumb","itemListElement":[{"@type":"ListItem","position":1,"name":"Home","item":"https:\/\/castelhano-ferreira.pt\/"},{"@type":"ListItem","position":2,"name":"Loja","item":"https:\/\/castelhano-ferreira.pt\/index.php\/loja\/"},{"@type":"ListItem","position":3,"name":"After XXI &#8211; Partiitons"}]}]}},"_links":{"self":[{"href":"https:\/\/castelhano-ferreira.pt\/index.php\/wp-json\/wp\/v2\/product\/1271"}],"collection":[{"href":"https:\/\/castelhano-ferreira.pt\/index.php\/wp-json\/wp\/v2\/product"}],"about":[{"href":"https:\/\/castelhano-ferreira.pt\/index.php\/wp-json\/wp\/v2\/types\/product"}],"replies":[{"embeddable":true,"href":"https:\/\/castelhano-ferreira.pt\/index.php\/wp-json\/wp\/v2\/comments?post=1271"}],"wp:featuredmedia":[{"embeddable":true,"href":"https:\/\/castelhano-ferreira.pt\/index.php\/wp-json\/wp\/v2\/media\/1092"}],"wp:attachment":[{"href":"https:\/\/castelhano-ferreira.pt\/index.php\/wp-json\/wp\/v2\/media?parent=1271"}],"curies":[{"name":"wp","href":"https:\/\/api.w.org\/{rel}","templated":true}]}}